uppose 6*z = i*z + 15. What are the prime factors of z?
5
Let a(y) be the third derivative of -y**4/24 - y**3/3 - y**2. List the prime factors of a(-7).
5
List the prime factors of (-24)/15*805/(-14).
2, 23
Let o(k) be the third derivative of k**6/120 + k**4/24 + 6*k**3 - 2*k**2. Let l be o(0). Suppose -l = -0*f - 4*f. What are the prime factors of f?
3
Suppose -2*z + 22 = -32. Let c = 48 - z. List the prime factors of c.
3, 7
What are the prime factors of -3*5/6*4/(-1)?
2, 5
Suppose 0 = -2*y - 2*y + 16. Suppose -5*a + 104 = y*k - 52, -4*a - k + 127 = 0. What are the prime factors of a?
2
Let j(m) = -m**3 - 6*m**2 - 5*m + 4. Let g be j(-5). Suppose x + 0*x - g*u = 22, -4*u = -2*x + 36. What are the prime factors of x?
2, 7
Let q be (-4)/6 + (-29)/(-3). Suppose 5*m - 11 = q, -6 = -3*p + 3*m. Let s = -4 + p. List the prime factors of s.
2
List the prime factors of (-334)/(-2) - 4 - (-1 - -3).
7, 23
Suppose -8*y - 348 = -14*y. What are the prime factors of y?
2, 29
Let y be 2 - -2*(0 - -1). Let a(p) = -4*p - 5*p**2 - 5 + p**3 + 0*p**2 + 3*p**2. What are the prime factors of a(y)?
11
Let s(f) = -f**2 + 11*f + 3. List the prime factors of s(6).
3, 11
Suppose -4*j = -j - 3*u + 9, 6 = -2*j - 2*u. Let w be j*(0 + 10/(-6)). Suppose -w*c + 12 = -8. What are the prime factors of c?
2
Let s(m) = 12*m. Let n be s(-1). Let a = n + 22. List the prime factors of a.
2, 5
Let w = -4 + 7. Suppose 0 = 7*p - w*p - 56. What are the prime factors of p?
2, 7
Let a = -22 + 10. List the prime factors of (-230)/a - (-8)/(-48).
19
Let l(o) = o**3 + 6*o**2 - 6*o - 4. Let z be l(-7). Let d be (-237)/(-6)*(-1 + -1). What are the prime factors of (-2)/11 + d/z?
7
List the prime factors of 236/6*((-45)/(-6))/5.
59
Let u = -96 - -54. Let s be u*((-12)/9 - -2). Let r = s + 39. List the prime factors of r.
11
Let v(t) = -t**3 - t**2 + t + 28. Let f be v(0). Let z = f - 9. What are the prime factors of z?
19
Let y(u) = -u + 3. Let s be y(7). Let c be (-154)/(-35) - s/(-10). Suppose c*k = 5*k - 17. List the prime factors of k.
17
Let r(l) = 3 + 1 - l**3 + 7*l**2 + 0*l + l + 2. List the prime factors of r(7).
13
Suppose 4*z - 331 = 5. What are the prime factors of z?
2, 3, 7
Suppose -12 = 3*j - 30. Let p = -2 + j. Suppose 12 = p*a - a. What are the prime factors of a?
2
Suppose -2*r = -3*r - 12. Let y(m) = 4*m + 4. Let k be y(4). Let n = r + k. What are the prime factors of n?
2
Suppose 146 = 3*a - c - 147, -3*a + 5*c = -289. What are the prime factors of a?
2, 7
List the prime factors of (-924)/(-10) - 1/((-20)/(-8)).
2, 23
Suppose 8*g - 6*g = 136. List the prime factors of g.
2, 17
What are the prime factors of -2 + 49 + 6/(-3)?
3, 5
Let c(m) = 2*m**2 - m + 1. Let s be c(1). Let x(u) = 5*u**2 + 4*u**2 - 3*u**s + 1. List the prime factors of x(1).
7
Suppose 0 = 4*x - x - 213. List the prime factors of x.
71
Let p(l) = l**3 + 6*l**2 - 2*l - 8. Let v be p(-6). Suppose 2*h - 3*w = 73, -v*w + 103 = 5*h - 91. What are the prime factors of h?
2, 19
Suppose 0*g = -4*t + g - 143, -5*t - 163 = 4*g. Let q = t - -62. What are the prime factors of q?
3
Suppose 10*r = 786 + 2504. What are the prime factors of r?
7, 47
Let h = 13 + -4. Let n = 19 - h. What are the prime factors of 3 + -1 - (3 - n)?
3
Suppose 3*i + 19 = 1. Let v = i + 11. What are the prime factors of v?
5
Suppose -8*h = -14*h + 498. List the prime factors of h.
83
Suppose 2*o = -5*y - 24, -o + 3*o = -2*y - 12. Let x = o - -10. Suppose 2*k - 3*b = b + x, -3*k + 42 = 4*b. List the prime factors of k.
2, 5
Suppose b + 5*g - 133 = 0, -b + 137 = -0*b + 3*g. Suppose 87 = 5*a - b. Suppose 3*z - 3*t = 39, -3*z = 6*t - 2*t - a. List the prime factors of z.
2, 7
Suppose -j = 4*a + a - 24, -5*a + 16 = -j. Let m = 13 - j. List the prime factors of m.
3
Let i = -6 + 6. Suppose i = -4*p - 2*q + 12 + 4, 2*p = 5*q + 20. What are the prime factors of p?
5
Let f = 53 + -21. List the prime factors of f.
2
Let f be (2 - 1)/(3/9). Suppose 5*m + 5*i - 55 = -0, 0 = -f*i - 9. List the prime factors of m.
2, 7
Suppose -4*h = 3*h - 455. List the prime factors of h.
5, 13
Let m(t) = -8*t + 8. Let k be m(-4). Let q = -1 + k. What are the prime factors of q?
3, 13
Suppose -4*p - 7 = 33. Let h = -4 - p. What are the prime factors of h?
2, 3
Suppose -5*j - 3*q = -0*q - 22, 8 = 2*q. Suppose j*g = -2*g + 52. List the prime factors of g.
13
Let p(f) = 27*f + 17. List the prime factors of p(4).
5
What are the prime factors of 34 + -6 + -4 + 0?
2, 3
Suppose -2*z = -0*z - 6. Suppose 6*u - 5*u = z. List the prime factors of u.
3
Let i = -22 + 45. List the prime factors of i.
23
Let b(q) = q**3 + 2*q**2 - 2*q + 1. Suppose -1 = -r + 9. Suppose -3*k - g - r = -5*g, 5*g - 12 = 4*k. What are the prime factors of b(k)?
13
Let a = 5 - -3. Let p = 130 + -90. Suppose 0 = 4*b - a*b + p. What are the prime factors of b?
2, 5
Let b(d) = 11*d**3 - 4*d**2 + 2*d - 1. Let t(j) = 11*j**3 - 5*j**2 + 3*j - 1. Let u(o) = -5*b(o) + 4*t(o). List the prime factors of u(-1).
2, 5
Suppose w + 0 - 5 = 0. Let s(t) = t - 2. Let g be s(w). Suppose g*o - 13 = 29. What are the prime factors of o?
2, 7
Let d(x) = -43*x + 1. Let m be d(1). Let n be 4/((-8)/m) + -3. Let k = n - 8. What are the prime factors of k?
2, 5
List the prime factors of -4*(-1 + -3 - -3).
2
Suppose -x + 1 = -8. Let o(k) = k + 6*k + 3*k - k**2 - x. What are the prime factors of o(6)?
3, 5
Suppose -13*i + 12*i = -217. List the prime factors of i.
7, 31
Let l(r) = 161*r + 9. List the prime factors of l(1).
2, 5, 17
Suppose 15*h = 4*u + 10*h - 386, 2*u - 4*h = 190. What are the prime factors of u?
3, 11
Suppose 4*t + 5*m - 446 = 0, 5*t - m - m = 541. Suppose -125 = -5*i - 4*h, t = 5*i + 3*h - 11. What are the prime factors of i?
3, 7
Suppose -13 - 29 = -3*n. Suppose -11 = -5*s + n. What are the prime factors of s?
5
Let g(v) = -11*v + 24. List the prime factors of g(-8).
2, 7
Let z = -21 + 40. List the prime factors of z.
19
List the prime factors of (-1160)/(-15)*6/2.
2, 29
Let t(m) = -m**2 - 11*m - 9. Let f be t(-10). What are the prime factors of (f/(-2))/((-4)/56)?
7
Let o(x) = x**2 - 2*x - 1. Let f be o(2). Let b = 14 + f. What are the prime factors of b?
13
Let b = -17 - -3. Let x be (b/3)/((-2)/3). Let s = x - 5. What are the prime factors of s?
2
Let m(y) = -y**2 - 10*y - 10. List the prime factors of m(-8).
2, 3
Suppose -10*o + 331 = -219. List the prime factors of o.
5, 11
Suppose -2*u + 85 - 3 = 0. What are the prime factors of u?
41
Let r(i) = i**3 + 3*i**2 - 2*i**2 - 5*i - 1 + 3*i. Let g be r(-2). List the prime factors of 1 + -1 - 3/g.
3
Suppose 5*q + 9 = -4*w, 3*w - 5 = -2*w - 3*q. Suppose -w*l + 76 = -12. Let b = l + -14. What are the prime factors of b?
2
List the prime factors of (68/(-6))/((-8)/36).
3, 17
Suppose 0 = b - 4, -2*u - 1113 = -7*u + 3*b. What are the prime factors of u?
3, 5
Suppose -483 = -13*a + 141. What are the prime factors of a?
2, 3
Let s = -27 + 104. What are the prime factors of s?
7, 11
Let s = 50 - 13. Let o = s - 25. What are the prime factors of o?
2, 3
Let r = -6 + 9. Suppose 3*q = -r*f - 35 + 86, q - 9 = f. List the prime factors of q.
13
Suppose -2*c = g - 0*c - 21, -88 = -3*g - c. What are the prime factors of g?
31
Let u(p) = -7*p. Let n(m) = -20*m - 1. Let l(w) = 3*n(w) - 8*u(w). Let j be -1 - (-3)/(-3 + 0). What are the prime factors of l(j)?
5
Suppose -4*y - 5*f = 76 + 45, 4*f = 5*y + 100. Let r(s) = -12*s - 1. Let h be r(-3). Let n = h + y. What are the prime factors of n?
11
Suppose -2*d = -0*d - 6. Suppose -2*n = -5*l + 2*n + 14, d*l + 3*n = 3. Suppose -16 = -4*p + l*p. List the prime factors of p.
2
Let v be (-2)/(2*(-2)/(-14)). Let o(u) be the second derivative of -u**4/12 - 3*u**3/2 - 2*u**2 + 2*u. What are the prime factors of o(v)?
2, 5
Let q be 0*(3/(-2))/3. Let o(k) = 4*k**2 - 6*k**3 + 5*k**3 - k + 4 + q*k. What are the prime factors of o(3)?
2, 5
Let i(u) = 2*u**2 + 9*u - 14. What are the prime factors of i(6)?
2, 7
Let q(g) = g - 4. Let i be q(6). Suppose -12 + i = -r. List the prime factors of r.
2, 5
Let h = 81 - 38. What are the prime factors of h?
43
Let u be 73 + 1 + -2 + -2. Suppose 0 = 6*d - d - u. What are the prime factors of d?
2, 7
Let c = 51 + -2. List the prime factors of c.
7
Suppose 5*l = -3*v + 526 - 135, 4*v = -5*l + 523. List the prime factors